{"id":953,"date":"2017-11-21T15:10:48","date_gmt":"2017-11-21T18:10:48","guid":{"rendered":"http:\/\/www.lagatasibilah.com\/?post_type=product&#038;p=953"},"modified":"2017-11-21T15:10:48","modified_gmt":"2017-11-21T18:10:48","slug":"laetitia-o-el-fin-de-los-hombres","status":"publish","type":"product","link":"https:\/\/www.lagatasibilah.com\/index.php\/product\/laetitia-o-el-fin-de-los-hombres\/","title":{"rendered":"La\u00ebtitia o el fin de los hombres"},"content":{"rendered":"","protected":false},"excerpt":{"rendered":"<p>La\u00ebtitia Perrais ten\u00eda dieciocho a\u00f1os cuando fue violada, asesinada y descuartizada la noche del 18 de enero de 2011. Dos d\u00edas despu\u00e9s, la polic\u00eda detuvo al asesino, pero este se neg\u00f3 a confesar d\u00f3nde hab\u00eda escondido el cad\u00e1ver, que tard\u00f3 semanas en aparecer. El crimen lleg\u00f3 a los peri\u00f3dicos y conmocion\u00f3 a Francia. De ah\u00ed salt\u00f3 a la pol\u00edtica, y el entonces presidente Nicolas Sarkozy, en un gesto de oportunismo populista, apunt\u00f3 hacia los jueces y las fisuras del sistema judicial, porque el asesino acumulaba un largo historial de detenciones previas.<\/p>\n<p>Recomponiendo las piezas del puzle, este libro desgarrador aborda el macabro crimen, la reacci\u00f3n pol\u00edtica, social y judicial, la personalidad del asesino y la investigaci\u00f3n policial, pero sobre todo reconstruye la historia de la chica asesinada a trav\u00e9s de sus mensajes en las redes sociales, del testimonio de su hermana gemela y del entorno en el que vivi\u00f3. Y aparece la figura de alguien que llevaba mucho tiempo padeciendo la violencia masculina: hija de un padre que abusaba de su mujer, adoptada por una familia cuyo progenitor viol\u00f3 a varias chicas, incluida su hermana, La\u00ebtitia ya era, mucho antes de saltar a los titulares de los peri\u00f3dicos, una v\u00edctima.<\/p>\n<p>En parte cr\u00f3nica de sucesos, en parte novela de no ficci\u00f3n en la estela de A sangre fr\u00eda y El adversario, en parte historia, sociolog\u00eda y denuncia pol\u00edtica, este libro inquisitivo y perturbador recibi\u00f3 en 2016 el Premio M\u00e9dicis y el Premio Le Monde.<\/p>\n<p>&nbsp;<\/p>\n<p><strong>Autor:<\/strong> Jablonka, Ivan<br \/>\n<strong>Editorial:<\/strong> Anagrama<br \/>\n<strong>N\u00famero de p\u00e1ginas:<\/strong> 424<br \/>\n<strong>Peso:<\/strong> 400 gramos<br \/>\n<strong>Formato:<\/strong> R\u00fastica<br \/>\n<strong>Edici\u00f3n:<\/strong> 2017<br \/>\n<strong>Idioma:<\/strong> Castellano<br \/>\n<strong>ISBN:<\/strong> 9788433979940<\/p>\n<p>&nbsp;<\/p>\n<p><strong>CONSULT\u00c1 PRECIO Y DISPONIBILIDAD A NUESTRO MAIL:<\/strong>\u00a0<a href=\"mailto:lagatasibilah@gmail.com\">lagatasibilah@gmail.com<\/a><\/p>\n<p>&nbsp;<\/p>\n","protected":false},"featured_media":933,"comment_status":"open","ping_status":"closed","template":"","meta":{"_acf_changed":false},"product_brand":[],"product_cat":[30],"product_tag":[56],"class_list":{"0":"post-953","1":"product","2":"type-product","3":"status-publish","4":"has-post-thumbnail","6":"product_cat-novela","7":"product_tag-novedades","9":"first","10":"instock","11":"shipping-taxable","12":"product-type-simple"},"acf":[],"jetpack_sharing_enabled":true,"_links":{"self":[{"href":"https:\/\/www.lagatasibilah.com\/index.php\/wp-json\/wp\/v2\/product\/953","targetHints":{"allow":["GET"]}}],"collection":[{"href":"https:\/\/www.lagatasibilah.com\/index.php\/wp-json\/wp\/v2\/product"}],"about":[{"href":"https:\/\/www.lagatasibilah.com\/index.php\/wp-json\/wp\/v2\/types\/product"}],"replies":[{"embeddable":true,"href":"https:\/\/www.lagatasibilah.com\/index.php\/wp-json\/wp\/v2\/comments?post=953"}],"wp:featuredmedia":[{"embeddable":true,"href":"https:\/\/www.lagatasibilah.com\/index.php\/wp-json\/wp\/v2\/media\/933"}],"wp:attachment":[{"href":"https:\/\/www.lagatasibilah.com\/index.php\/wp-json\/wp\/v2\/media?parent=953"}],"wp:term":[{"taxonomy":"product_brand","embeddable":true,"href":"https:\/\/www.lagatasibilah.com\/index.php\/wp-json\/wp\/v2\/product_brand?post=953"},{"taxonomy":"product_cat","embeddable":true,"href":"https:\/\/www.lagatasibilah.com\/index.php\/wp-json\/wp\/v2\/product_cat?post=953"},{"taxonomy":"product_tag","embeddable":true,"href":"https:\/\/www.lagatasibilah.com\/index.php\/wp-json\/wp\/v2\/product_tag?post=953"}],"curies":[{"name":"wp","href":"https:\/\/api.w.org\/{rel}","templated":true}]}}