{"id":929,"date":"2017-11-21T14:48:45","date_gmt":"2017-11-21T17:48:45","guid":{"rendered":"http:\/\/www.lagatasibilah.com\/?post_type=product&#038;p=929"},"modified":"2017-11-21T14:48:45","modified_gmt":"2017-11-21T17:48:45","slug":"novela-de-ajedrez","status":"publish","type":"product","link":"https:\/\/www.lagatasibilah.com\/index.php\/product\/novela-de-ajedrez\/","title":{"rendered":"Novela de ajedrez"},"content":{"rendered":"","protected":false},"excerpt":{"rendered":"<p>Sin capacidad para cualquier otra actividad intelectual, Mirko Czentovicz se revel\u00f3, ya desde ni\u00f1o, como un genio del ajedrez, del que ha llegado a ser campe\u00f3n del mundo. Pero, en un viaje en barco de Nueva York a Buenos Aires, se le presenta un enigm\u00e1tico contrincante: el se\u00f1or B., noble vien\u00e9s que huye de los nazis. Uno de los pasajeros del vapor se acerca a los dos personajes acompa\u00f1ando al lector a la confrontaci\u00f3n entre los dos jugadores.<\/p>\n<p>Si Novela de ajedrez nos presenta el choque de dos naturalezas antag\u00f3nicas, nos muestra tambi\u00e9n, y en buena medida, la capacidad de resistencia del ser humano sometido a una presi\u00f3n extraordinaria. Y todo ello con unas grandes dosis de intriga y maestr\u00eda.<\/p>\n<p>&nbsp;<\/p>\n<p><strong>Autor:<\/strong> Zweig, Stefan<br \/>\n<strong>Editorial:<\/strong> Acantilado<br \/>\n<strong>N\u00famero de p\u00e1ginas:<\/strong> 128<br \/>\n<strong>Peso:<\/strong> 120 gramos<br \/>\n<strong>Formato:<\/strong> R\u00fastica<br \/>\n<strong>Edici\u00f3n:<\/strong> 2014<br \/>\n<strong>Idioma:<\/strong> Castellano<br \/>\n<strong>ISBN:<\/strong> 978950039993<\/p>\n<p>&nbsp;<\/p>\n<p><strong>CONSULT\u00c1 PRECIO Y DISPONIBILIDAD A NUESTRO MAIL:<\/strong>\u00a0<a href=\"mailto:lagatasibilah@gmail.com\">lagatasibilah@gmail.com<\/a><\/p>\n<p>&nbsp;<\/p>\n","protected":false},"featured_media":930,"comment_status":"open","ping_status":"closed","template":"","meta":{"_acf_changed":false},"product_brand":[],"product_cat":[30],"product_tag":[56],"class_list":{"0":"post-929","1":"product","2":"type-product","3":"status-publish","4":"has-post-thumbnail","6":"product_cat-novela","7":"product_tag-novedades","9":"first","10":"instock","11":"shipping-taxable","12":"product-type-simple"},"acf":[],"jetpack_sharing_enabled":true,"_links":{"self":[{"href":"https:\/\/www.lagatasibilah.com\/index.php\/wp-json\/wp\/v2\/product\/929","targetHints":{"allow":["GET"]}}],"collection":[{"href":"https:\/\/www.lagatasibilah.com\/index.php\/wp-json\/wp\/v2\/product"}],"about":[{"href":"https:\/\/www.lagatasibilah.com\/index.php\/wp-json\/wp\/v2\/types\/product"}],"replies":[{"embeddable":true,"href":"https:\/\/www.lagatasibilah.com\/index.php\/wp-json\/wp\/v2\/comments?post=929"}],"wp:featuredmedia":[{"embeddable":true,"href":"https:\/\/www.lagatasibilah.com\/index.php\/wp-json\/wp\/v2\/media\/930"}],"wp:attachment":[{"href":"https:\/\/www.lagatasibilah.com\/index.php\/wp-json\/wp\/v2\/media?parent=929"}],"wp:term":[{"taxonomy":"product_brand","embeddable":true,"href":"https:\/\/www.lagatasibilah.com\/index.php\/wp-json\/wp\/v2\/product_brand?post=929"},{"taxonomy":"product_cat","embeddable":true,"href":"https:\/\/www.lagatasibilah.com\/index.php\/wp-json\/wp\/v2\/product_cat?post=929"},{"taxonomy":"product_tag","embeddable":true,"href":"https:\/\/www.lagatasibilah.com\/index.php\/wp-json\/wp\/v2\/product_tag?post=929"}],"curies":[{"name":"wp","href":"https:\/\/api.w.org\/{rel}","templated":true}]}}