{"id":927,"date":"2017-11-13T17:42:50","date_gmt":"2017-11-13T20:42:50","guid":{"rendered":"http:\/\/www.lagatasibilah.com\/?post_type=product&#038;p=927"},"modified":"2017-11-13T17:42:50","modified_gmt":"2017-11-13T20:42:50","slug":"el-pasado","status":"publish","type":"product","link":"https:\/\/www.lagatasibilah.com\/index.php\/product\/el-pasado\/","title":{"rendered":"El pasado"},"content":{"rendered":"","protected":false},"excerpt":{"rendered":"<p>Despu\u00e9s de trece a\u00f1os de amor -uno de esos amores absolutos que nacen en la adolescencia, modelan el mundo a su imagen y parecen condenados a la inmortalidad-, R\u00edmini y Sof\u00eda se separan. Para \u00e9l, que ya ronda los 30, todo vuelve a ser nuevo y brillante, como el pavimento de una calle tras un aguacero. Redescubre el deseo y se lanza desenfrenadamente -con la eficaz ayuda de algunas sustancias il\u00edcitas- a recuperar el tiempo perdido. Pero su relaci\u00f3n con Sof\u00eda no ha muerto, o s\u00f3lo ha hecho lo que hace el amor cuando finge haber terminado: cambiar de forma. Y cuando vuelve y lo sorprende, embosc\u00e1ndolo en un recodo oscuro, el amor tiene el rostro del espanto.<\/p>\n<p>Mujer-zombi, espectro vengador, enamorada insomne, Sof\u00eda reaparece una y otra vez en el horizonte de R\u00edmini para reconquistarlo, martirizarlo o salvarle la vida, enarbolando las banderas de una pasi\u00f3n amorosa que no se arredra ante nada y pretende gobernarlo todo.<\/p>\n<p>As\u00ed, R\u00edmini, que en la separaci\u00f3n hab\u00eda vislumbrado la posibilidad de un renacimiento, va hundi\u00e9ndose poco a poco en un abismo de pesadilla o de comedia, un infierno en el que el chantaje sentimental, la traici\u00f3n y hasta el crimen son moneda corriente. Ir\u00e1 perdi\u00e9ndolo todo: trabajo, salud, nuevas parejas, incluso un hijo, y su calvario sufrir\u00e1 un vuelco inesperado -acaso porque ha llegado a su perfecci\u00f3ncuando conozca a las Mujeres que Aman Demasiado, una c\u00e9lula de terrorismo emocional que se re\u00fane a conspirar, liderada por Sof\u00eda, en un bar llamado Adela H.<\/p>\n<p>Entre el anal\u00edtico Stendhal de &#8216;Del Amor&#8217; y las feroces psicopat\u00edas matrimoniales de Philip Roth, &#8216;El pasado&#8217; es, a su manera viciosa e hilarante, un tatado moderno de educaci\u00f3n sentimental, un relato ejemplar sobre las metamorfosis que sufren las pasiones cuando entran en el agujero negro de su posteridad.<\/p>\n<p>&nbsp;<\/p>\n<p><strong>Autor:<\/strong> Pauls, Alan<br \/>\n<strong>Editorial:<\/strong> Anagrama<br \/>\n<strong>N\u00famero de p\u00e1ginas:<\/strong> 560<br \/>\n<strong>Peso:<\/strong> 540 gramos<br \/>\n<strong>Formato:<\/strong> R\u00fastica<br \/>\n<strong>Edici\u00f3n:<\/strong> 2003<br \/>\n<strong>Idioma:<\/strong> Castellano<br \/>\n<strong>ISBN:<\/strong> 9788433968524<\/p>\n<p>&nbsp;<\/p>\n<p><strong>CONSULT\u00c1 PRECIO Y DISPONIBILIDAD A NUESTRO MAIL:<\/strong>\u00a0<a href=\"mailto:lagatasibilah@gmail.com\">lagatasibilah@gmail.com<\/a><\/p>\n<p>&nbsp;<\/p>\n","protected":false},"featured_media":913,"comment_status":"open","ping_status":"closed","template":"","meta":{"_acf_changed":false},"product_brand":[],"product_cat":[30],"product_tag":[],"class_list":{"0":"post-927","1":"product","2":"type-product","3":"status-publish","4":"has-post-thumbnail","6":"product_cat-novela","8":"first","9":"instock","10":"shipping-taxable","11":"product-type-simple"},"acf":[],"jetpack_sharing_enabled":true,"_links":{"self":[{"href":"https:\/\/www.lagatasibilah.com\/index.php\/wp-json\/wp\/v2\/product\/927","targetHints":{"allow":["GET"]}}],"collection":[{"href":"https:\/\/www.lagatasibilah.com\/index.php\/wp-json\/wp\/v2\/product"}],"about":[{"href":"https:\/\/www.lagatasibilah.com\/index.php\/wp-json\/wp\/v2\/types\/product"}],"replies":[{"embeddable":true,"href":"https:\/\/www.lagatasibilah.com\/index.php\/wp-json\/wp\/v2\/comments?post=927"}],"wp:featuredmedia":[{"embeddable":true,"href":"https:\/\/www.lagatasibilah.com\/index.php\/wp-json\/wp\/v2\/media\/913"}],"wp:attachment":[{"href":"https:\/\/www.lagatasibilah.com\/index.php\/wp-json\/wp\/v2\/media?parent=927"}],"wp:term":[{"taxonomy":"product_brand","embeddable":true,"href":"https:\/\/www.lagatasibilah.com\/index.php\/wp-json\/wp\/v2\/product_brand?post=927"},{"taxonomy":"product_cat","embeddable":true,"href":"https:\/\/www.lagatasibilah.com\/index.php\/wp-json\/wp\/v2\/product_cat?post=927"},{"taxonomy":"product_tag","embeddable":true,"href":"https:\/\/www.lagatasibilah.com\/index.php\/wp-json\/wp\/v2\/product_tag?post=927"}],"curies":[{"name":"wp","href":"https:\/\/api.w.org\/{rel}","templated":true}]}}