{"id":925,"date":"2017-11-13T17:34:03","date_gmt":"2017-11-13T20:34:03","guid":{"rendered":"http:\/\/www.lagatasibilah.com\/?post_type=product&#038;p=925"},"modified":"2017-11-13T17:34:03","modified_gmt":"2017-11-13T20:34:03","slug":"los-restos-del-dia","status":"publish","type":"product","link":"https:\/\/www.lagatasibilah.com\/index.php\/product\/los-restos-del-dia\/","title":{"rendered":"Los restos del d\u00eda"},"content":{"rendered":"","protected":false},"excerpt":{"rendered":"<p>Inglaterra, julio de 1956. Stevens, el narrador, durante treinta a\u00f1os ha sido mayordomo de Darlington Hall. Lord Darlington muri\u00f3 hace tres a\u00f1os, y la propiedad pertenece ahora a un americano. El mayordomo, por primera vez en su vida, har\u00e1 un viaje. El americano regresar\u00e1 por unas semanas a su pa\u00eds, y le ha ofrecido al mayordomo su coche -que fuera de Lord Darlington- para que disfrute de unas vacaciones.<\/p>\n<p>Y Stevens, en el antiguo, lento y se\u00f1orial auto de sus patrones, cruzar\u00e1 durante seis d\u00edas Inglaterra rumbo a Weymouth, donde vive la se\u00f1ora Benn, antigua ama de llaves de Darlington Hall. Y jornada a tornada, Ishiguro desplegar\u00e1 ante el lector una novela perfecta de luces y claroscuros, de m\u00e1scaras que apenas se deslizan para desvelar una realidad mucho m\u00e1s amarga que los amables paisajes que el mayordomo deja atr\u00e1s.<\/p>\n<p>Porque Stevens, en esos seis d\u00edas que culmina sentado en la playa de Weymouth, al atardecer, cuando ya no quedan sino los restos del d\u00eda, acaba por descubrir que ha sido un perfecto servidor de patrones equivocados, que si la servidumbre tiene alg\u00fan sentido -\u00e9l siempre estuvo seguro de que s\u00ed lo ten\u00eda-, ese sentido est\u00e1 en una digna elecci\u00f3n de aquel a quien se sirve. Lord Darlington fue un miembro de la clase dirigente inglesa que se dej\u00f3 seducir por los encantos del fascismo, por la propuesta &#8216;revolucionaria&#8217; de Oswald Mosley y sus &#8216;camisas negras&#8217;, y hasta poco antes de la Segunda Guerra Mundial conspir\u00f3 activamente para conseguir una alianza entre Inglaterra y Alemania. Y Stevens descubre y tambi\u00e9n el lector, que hay algo peor incluso que haber servido a un hombre indigno&#8230;<\/p>\n<p><strong>Autor:<\/strong> Ishiguro Kazuo<br \/>\n<strong>Editorial:<\/strong> Anagrama<br \/>\n<strong>N\u00famero de p\u00e1ginas:<\/strong> 256<br \/>\n<strong>Peso:<\/strong> 150 gramos<br \/>\n<strong>Formato:<\/strong> R\u00fastica<br \/>\n<strong>Edici\u00f3n:<\/strong> 1994<br \/>\n<strong>Idioma:<\/strong> Castellano<br \/>\n<strong>ISBN:<\/strong> 9788433911209<\/p>\n<p>&nbsp;<\/p>\n<p><strong>CONSULT\u00c1 PRECIO Y DISPONIBILIDAD A NUESTRO MAIL:<\/strong>\u00a0<a href=\"mailto:lagatasibilah@gmail.com\">lagatasibilah@gmail.com<\/a><\/p>\n<p>&nbsp;<\/p>\n","protected":false},"featured_media":916,"comment_status":"open","ping_status":"closed","template":"","meta":{"_acf_changed":false},"product_brand":[],"product_cat":[30],"product_tag":[56],"class_list":{"0":"post-925","1":"product","2":"type-product","3":"status-publish","4":"has-post-thumbnail","6":"product_cat-novela","7":"product_tag-novedades","9":"first","10":"instock","11":"shipping-taxable","12":"product-type-simple"},"acf":[],"jetpack_sharing_enabled":true,"_links":{"self":[{"href":"https:\/\/www.lagatasibilah.com\/index.php\/wp-json\/wp\/v2\/product\/925","targetHints":{"allow":["GET"]}}],"collection":[{"href":"https:\/\/www.lagatasibilah.com\/index.php\/wp-json\/wp\/v2\/product"}],"about":[{"href":"https:\/\/www.lagatasibilah.com\/index.php\/wp-json\/wp\/v2\/types\/product"}],"replies":[{"embeddable":true,"href":"https:\/\/www.lagatasibilah.com\/index.php\/wp-json\/wp\/v2\/comments?post=925"}],"wp:featuredmedia":[{"embeddable":true,"href":"https:\/\/www.lagatasibilah.com\/index.php\/wp-json\/wp\/v2\/media\/916"}],"wp:attachment":[{"href":"https:\/\/www.lagatasibilah.com\/index.php\/wp-json\/wp\/v2\/media?parent=925"}],"wp:term":[{"taxonomy":"product_brand","embeddable":true,"href":"https:\/\/www.lagatasibilah.com\/index.php\/wp-json\/wp\/v2\/product_brand?post=925"},{"taxonomy":"product_cat","embeddable":true,"href":"https:\/\/www.lagatasibilah.com\/index.php\/wp-json\/wp\/v2\/product_cat?post=925"},{"taxonomy":"product_tag","embeddable":true,"href":"https:\/\/www.lagatasibilah.com\/index.php\/wp-json\/wp\/v2\/product_tag?post=925"}],"curies":[{"name":"wp","href":"https:\/\/api.w.org\/{rel}","templated":true}]}}