{"id":923,"date":"2017-11-13T11:20:01","date_gmt":"2017-11-13T14:20:01","guid":{"rendered":"http:\/\/www.lagatasibilah.com\/?post_type=product&#038;p=923"},"modified":"2017-11-21T14:38:07","modified_gmt":"2017-11-21T17:38:07","slug":"desgracia","status":"publish","type":"product","link":"https:\/\/www.lagatasibilah.com\/index.php\/product\/desgracia\/","title":{"rendered":"Desgracia"},"content":{"rendered":"","protected":false},"excerpt":{"rendered":"<p>A los cincuenta y dos a\u00f1os, David Lurie tiene poco de lo que enorgullecerse. Con dos divorcios a cuestas, apaciguar el deseo es su \u00fanica aspiraci\u00f3n; sus clases en la universidad son un mero tr\u00e1mite para \u00e9l y para los estudiantes.<\/p>\n<p>Cuando se descubre su relaci\u00f3n con una alumna, David, en un acto de soberbia, preferir\u00e1 renunciar a su puesto antes que disculparse en p\u00fablico. Rechazado por todos, abandona Ciudad del Cabo y visita la granja de su hija Lucy. All\u00ed, David ver\u00e1 hacerse a\u00f1icos todas sus creencias en una tarde de violencia implacable.<\/p>\n<p>Desgracia, que obtuvo el prestigioso premio Booker, es una historia profunda y extraordinaria que no dejar\u00e1 indiferente al lector.<\/p>\n<p>&nbsp;<\/p>\n<p><strong>Autor:<\/strong> Coetzze, JM<br \/>\n<strong>Editorial:<\/strong> Random House<br \/>\n<strong>N\u00famero de p\u00e1ginas:<\/strong> 272<br \/>\n<strong>Peso:<\/strong> 210 gramos<br \/>\n<strong>Formato:<\/strong> R\u00fastica<br \/>\n<strong>Edici\u00f3n:<\/strong> 2011<br \/>\n<strong>Idioma:<\/strong> Castellano<br \/>\n<strong>ISBN:<\/strong> 9789875666269<\/p>\n<p>&nbsp;<\/p>\n<p><strong>CONSULT\u00c1 PRECIO Y DISPONIBILIDAD A NUESTRO MAIL:<\/strong>\u00a0<a href=\"mailto:lagatasibilah@gmail.com\">lagatasibilah@gmail.com<\/a><\/p>\n<p>&nbsp;<\/p>\n","protected":false},"featured_media":911,"comment_status":"open","ping_status":"closed","template":"","meta":{"_acf_changed":false},"product_brand":[],"product_cat":[30],"product_tag":[],"class_list":{"0":"post-923","1":"product","2":"type-product","3":"status-publish","4":"has-post-thumbnail","6":"product_cat-novela","8":"first","9":"instock","10":"shipping-taxable","11":"product-type-simple"},"acf":[],"jetpack_sharing_enabled":true,"_links":{"self":[{"href":"https:\/\/www.lagatasibilah.com\/index.php\/wp-json\/wp\/v2\/product\/923","targetHints":{"allow":["GET"]}}],"collection":[{"href":"https:\/\/www.lagatasibilah.com\/index.php\/wp-json\/wp\/v2\/product"}],"about":[{"href":"https:\/\/www.lagatasibilah.com\/index.php\/wp-json\/wp\/v2\/types\/product"}],"replies":[{"embeddable":true,"href":"https:\/\/www.lagatasibilah.com\/index.php\/wp-json\/wp\/v2\/comments?post=923"}],"wp:featuredmedia":[{"embeddable":true,"href":"https:\/\/www.lagatasibilah.com\/index.php\/wp-json\/wp\/v2\/media\/911"}],"wp:attachment":[{"href":"https:\/\/www.lagatasibilah.com\/index.php\/wp-json\/wp\/v2\/media?parent=923"}],"wp:term":[{"taxonomy":"product_brand","embeddable":true,"href":"https:\/\/www.lagatasibilah.com\/index.php\/wp-json\/wp\/v2\/product_brand?post=923"},{"taxonomy":"product_cat","embeddable":true,"href":"https:\/\/www.lagatasibilah.com\/index.php\/wp-json\/wp\/v2\/product_cat?post=923"},{"taxonomy":"product_tag","embeddable":true,"href":"https:\/\/www.lagatasibilah.com\/index.php\/wp-json\/wp\/v2\/product_tag?post=923"}],"curies":[{"name":"wp","href":"https:\/\/api.w.org\/{rel}","templated":true}]}}