{"id":901,"date":"2017-10-19T13:49:16","date_gmt":"2017-10-19T16:49:16","guid":{"rendered":"http:\/\/www.lagatasibilah.com\/?post_type=product&#038;p=901"},"modified":"2017-11-21T15:00:23","modified_gmt":"2017-11-21T18:00:23","slug":"el-tango-de-la-guardia-vieja","status":"publish","type":"product","link":"https:\/\/www.lagatasibilah.com\/index.php\/product\/el-tango-de-la-guardia-vieja\/","title":{"rendered":"El tango de la guardia vieja"},"content":{"rendered":"","protected":false},"excerpt":{"rendered":"<p>\u00abUna pareja de j\u00f3venes apuestos, acuciados por pasiones urgentes como la vida, se mira a los ojos al bailar un tango a\u00fan no escrito, en el sal\u00f3n silencioso y desierto de un transatl\u00e1ntico que navega en la noche. Trazando sin saberlo, al moverse abrazados, la r\u00fabrica de un mundo irreal cuyas luces fatigadas empiezan a apagarse para siempre.\u00bb<\/p>\n<p>Un extra\u00f1o desaf\u00edo entre dos m\u00fasicos, que lleva a uno de ellos a Buenos Aires en 1928; un asunto de espionaje en la Riviera francesa durante la Guerra Civil espa\u00f1ola; una inquietante partida de ajedrez en el Sorrento de los a\u00f1os sesenta&#8230;<\/p>\n<p>El tango de la Guardia Vieja narra con pulso admirable una turbia y apasionada historia de amor, traiciones e intrigas, que se prolonga durante cuatro d\u00e9cadas a trav\u00e9s de un siglo convulso y fascinante, entre la luz crepuscular de una \u00e9poca que se extingue.<\/p>\n<p>&nbsp;<\/p>\n<p><strong>Autor:<\/strong> Perez Reverte, Arturo<br \/>\n<strong>N\u00famero de p\u00e1ginas:<\/strong> 504<br \/>\n<strong>Peso:<\/strong> 610 gramos<br \/>\n<strong>Formato:<\/strong> R\u00fastica<br \/>\n<strong>Edici\u00f3n:<\/strong> 2012<br \/>\n<strong>Idioma:<\/strong> Castellano<br \/>\n<strong>ISBN:<\/strong> 9789870426851<\/p>\n<p>&nbsp;<\/p>\n<p><strong>CONSULT\u00c1 PRECIO Y DISPONIBILIDAD A NUESTRO MAIL:<\/strong>\u00a0<a href=\"mailto:lagatasibilah@gmail.com\">lagatasibilah@gmail.com<\/a><\/p>\n","protected":false},"featured_media":887,"comment_status":"open","ping_status":"closed","template":"","meta":{"_acf_changed":false},"product_brand":[],"product_cat":[30],"product_tag":[],"class_list":{"0":"post-901","1":"product","2":"type-product","3":"status-publish","4":"has-post-thumbnail","6":"product_cat-novela","8":"first","9":"instock","10":"shipping-taxable","11":"product-type-simple"},"acf":[],"jetpack_sharing_enabled":true,"_links":{"self":[{"href":"https:\/\/www.lagatasibilah.com\/index.php\/wp-json\/wp\/v2\/product\/901","targetHints":{"allow":["GET"]}}],"collection":[{"href":"https:\/\/www.lagatasibilah.com\/index.php\/wp-json\/wp\/v2\/product"}],"about":[{"href":"https:\/\/www.lagatasibilah.com\/index.php\/wp-json\/wp\/v2\/types\/product"}],"replies":[{"embeddable":true,"href":"https:\/\/www.lagatasibilah.com\/index.php\/wp-json\/wp\/v2\/comments?post=901"}],"wp:featuredmedia":[{"embeddable":true,"href":"https:\/\/www.lagatasibilah.com\/index.php\/wp-json\/wp\/v2\/media\/887"}],"wp:attachment":[{"href":"https:\/\/www.lagatasibilah.com\/index.php\/wp-json\/wp\/v2\/media?parent=901"}],"wp:term":[{"taxonomy":"product_brand","embeddable":true,"href":"https:\/\/www.lagatasibilah.com\/index.php\/wp-json\/wp\/v2\/product_brand?post=901"},{"taxonomy":"product_cat","embeddable":true,"href":"https:\/\/www.lagatasibilah.com\/index.php\/wp-json\/wp\/v2\/product_cat?post=901"},{"taxonomy":"product_tag","embeddable":true,"href":"https:\/\/www.lagatasibilah.com\/index.php\/wp-json\/wp\/v2\/product_tag?post=901"}],"curies":[{"name":"wp","href":"https:\/\/api.w.org\/{rel}","templated":true}]}}