{"id":826,"date":"2017-09-06T16:17:32","date_gmt":"2017-09-06T19:17:32","guid":{"rendered":"http:\/\/www.lagatasibilah.com\/?post_type=product&#038;p=826"},"modified":"2017-10-13T11:54:10","modified_gmt":"2017-10-13T14:54:10","slug":"la-mujer-de-isla-negra","status":"publish","type":"product","link":"https:\/\/www.lagatasibilah.com\/index.php\/product\/la-mujer-de-isla-negra\/","title":{"rendered":"La mujer de Isla Negra"},"content":{"rendered":"","protected":false},"excerpt":{"rendered":"<p>Elisa y su madre Raquel dejan atr\u00e1s el humilde hogar de Temuco y llegan a Isla Negra a comienzos de los cincuenta. Pablo Neruda las alberga en su gran casa parecida a una gruta marina llena de objetos. La peque\u00f1a Elisa esp\u00eda sus infidelidades y sus poemas, mientras Raquel trabaja silenciosa, convertida en su sirvienta. Hasta que la casa cobra nueva vida con la llegada de la esposa de Neruda, Delia del Carril, una aristocr\u00e1tica pintora argentina, tan deslumbrante que parece no tener edad.<\/p>\n<p>Mirando, oyendo y ley\u00e9ndolo todo, Elisa abandona la infancia y descubre los misterios del amor y del deseo. Tambi\u00e9n los caminos de la feminidad: Delia y su amiga Victoria Ocampo son el glamour, la iron\u00eda y el estilo. Todo lo que no es Matilde, la amante de Neruda. Todo lo que nunca ser\u00e1 su madre, casi invisible para todos, aunque guarde un secreto.<\/p>\n<p>Mar\u00eda Fasce revela a un Neruda avasallador y genial, cruel e infantil, seductor y ego\u00edsta, que marca a fuego el destino de sus mujeres. La mujer de Isla Negra es una novela de amor cargada de sensualidad y tensi\u00f3n que, basada en hechos y personajes reales, perturba y conmueve gracias al poder de la literatura.<\/p>\n<p>&nbsp;<\/p>\n<p><strong>Autor:<\/strong> Fasce, Mar\u00eda<br \/>\n<strong>Editorial:<\/strong> Edhasa<br \/>\n<strong>ISBN:<\/strong> 9789876283588<br \/>\n<strong>Tipo de tapa:<\/strong> R\u00fastica c\/solapas<br \/>\n<strong>Cantidad de p\u00e1ginas:<\/strong> 256 p\u00e1ginas<br \/>\n<strong>Dimensiones:<\/strong> 140 x 225 mm<\/p>\n<p>&nbsp;<\/p>\n<p><strong>CONSULT\u00c1 PRECIO Y DISPONIBILIDAD A NUESTRO MAIL:<\/strong>\u00a0<a href=\"mailto:lagatasibilah@gmail.com\">lagatasibilah@gmail.com<\/a><\/p>\n","protected":false},"featured_media":797,"comment_status":"open","ping_status":"closed","template":"","meta":{"_acf_changed":false},"product_brand":[],"product_cat":[30],"product_tag":[56],"class_list":{"0":"post-826","1":"product","2":"type-product","3":"status-publish","4":"has-post-thumbnail","6":"product_cat-novela","7":"product_tag-novedades","9":"first","10":"instock","11":"shipping-taxable","12":"product-type-simple"},"acf":[],"jetpack_sharing_enabled":true,"_links":{"self":[{"href":"https:\/\/www.lagatasibilah.com\/index.php\/wp-json\/wp\/v2\/product\/826","targetHints":{"allow":["GET"]}}],"collection":[{"href":"https:\/\/www.lagatasibilah.com\/index.php\/wp-json\/wp\/v2\/product"}],"about":[{"href":"https:\/\/www.lagatasibilah.com\/index.php\/wp-json\/wp\/v2\/types\/product"}],"replies":[{"embeddable":true,"href":"https:\/\/www.lagatasibilah.com\/index.php\/wp-json\/wp\/v2\/comments?post=826"}],"wp:featuredmedia":[{"embeddable":true,"href":"https:\/\/www.lagatasibilah.com\/index.php\/wp-json\/wp\/v2\/media\/797"}],"wp:attachment":[{"href":"https:\/\/www.lagatasibilah.com\/index.php\/wp-json\/wp\/v2\/media?parent=826"}],"wp:term":[{"taxonomy":"product_brand","embeddable":true,"href":"https:\/\/www.lagatasibilah.com\/index.php\/wp-json\/wp\/v2\/product_brand?post=826"},{"taxonomy":"product_cat","embeddable":true,"href":"https:\/\/www.lagatasibilah.com\/index.php\/wp-json\/wp\/v2\/product_cat?post=826"},{"taxonomy":"product_tag","embeddable":true,"href":"https:\/\/www.lagatasibilah.com\/index.php\/wp-json\/wp\/v2\/product_tag?post=826"}],"curies":[{"name":"wp","href":"https:\/\/api.w.org\/{rel}","templated":true}]}}