{"id":626,"date":"2017-07-10T11:36:14","date_gmt":"2017-07-10T14:36:14","guid":{"rendered":"http:\/\/www.lagatasibilah.com\/?post_type=product&#038;p=626"},"modified":"2017-07-10T11:36:56","modified_gmt":"2017-07-10T14:36:56","slug":"a-cuerpo-de-gato","status":"publish","type":"product","link":"https:\/\/www.lagatasibilah.com\/index.php\/product\/a-cuerpo-de-gato\/","title":{"rendered":"A cuerpo de gato"},"content":{"rendered":"","protected":false},"excerpt":{"rendered":"<p>Un gato, es un gato, es un gato&#8230; dir\u00eda una sabia mujer, pero Nana no es un gato cualquiera. Tiene el pelo blanco y la cola en forma de siete, le gustan los filetes de cerdo empanados y los platos a base de pollo y salm\u00f3n, tiene las u\u00f1as afiladas, la mirada atenta&#8230; pero hay m\u00e1s: Nana entiende el lenguaje de los humanos y tiene opiniones muy suyas a prop\u00f3sito de la vida.<\/p>\n<p>Naci\u00f3 en la calle y estaba acostumbrado a dormir encima del cap\u00f3 de una furgoneta plateada, hasta que un buen d\u00eda un hombre delgado y alto se le acerc\u00f3 sonriendo, y desde entonces fueron inseparables. Satoru y Nana vivieron juntos durante cinco a\u00f1os, pero ahora ha llegado el momento de separarse y de buscar un nuevo due\u00f1o para \u00e9l. Empieza el viaje, y Nana ver\u00e1 por primera vez el mar y los campos sembrados de hierba alta, vivir\u00e1 en primera persona las emociones m\u00e1s hondas de los humanos, el dolor de la p\u00e9rdida, y al final este gato callejero ser\u00e1 tambi\u00e9n un gato muy nuestro gracias a la ternura y al sentido del humor de Hiro Arikawa.<\/p>\n<p><b>Una novela ir\u00f3nica y conmovedora que gracias a la ocurrente mirada de su narrador, un gato, nos reconcilia con la vida.<\/b><\/p>\n<p><em>\u00abUn gato es un aut\u00e9ntico lujo&#8230; La chispa de sus ojos te recuerda todo lo que esconde el amigo que tienes al lado, ese animalito que ma\u00falla de placer cuando lo acaricias.\u00bb<\/em> (Doris Lessing)<\/p>\n<p>&nbsp;<\/p>\n<p><strong>Autor:<\/strong> Hiro Arikawa<br \/>\n<strong>Sello:<\/strong> LUMEN<br \/>\n<strong>Fecha publicaci\u00f3n:<\/strong> 03\/2017<br \/>\n<strong>Idioma:<\/strong> Espa\u00f1ol<br \/>\n<strong>P\u00e1ginas:<\/strong> 256<br \/>\n<strong>ISBN:<\/strong> 9788426404282<\/p>\n<p>&nbsp;<\/p>\n<p><strong>CONSULT\u00c1 PRECIO Y DISPONIBILIDAD A NUESTRO MAIL:<\/strong>\u00a0<a href=\"mailto:lagatasibilah@gmail.com\">lagatasibilah@gmail.com<\/a><\/p>\n","protected":false},"featured_media":627,"comment_status":"open","ping_status":"closed","template":"","meta":{"_acf_changed":false},"product_brand":[],"product_cat":[30],"product_tag":[],"class_list":{"0":"post-626","1":"product","2":"type-product","3":"status-publish","4":"has-post-thumbnail","6":"product_cat-novela","8":"first","9":"instock","10":"shipping-taxable","11":"product-type-simple"},"acf":[],"jetpack_sharing_enabled":true,"_links":{"self":[{"href":"https:\/\/www.lagatasibilah.com\/index.php\/wp-json\/wp\/v2\/product\/626","targetHints":{"allow":["GET"]}}],"collection":[{"href":"https:\/\/www.lagatasibilah.com\/index.php\/wp-json\/wp\/v2\/product"}],"about":[{"href":"https:\/\/www.lagatasibilah.com\/index.php\/wp-json\/wp\/v2\/types\/product"}],"replies":[{"embeddable":true,"href":"https:\/\/www.lagatasibilah.com\/index.php\/wp-json\/wp\/v2\/comments?post=626"}],"wp:featuredmedia":[{"embeddable":true,"href":"https:\/\/www.lagatasibilah.com\/index.php\/wp-json\/wp\/v2\/media\/627"}],"wp:attachment":[{"href":"https:\/\/www.lagatasibilah.com\/index.php\/wp-json\/wp\/v2\/media?parent=626"}],"wp:term":[{"taxonomy":"product_brand","embeddable":true,"href":"https:\/\/www.lagatasibilah.com\/index.php\/wp-json\/wp\/v2\/product_brand?post=626"},{"taxonomy":"product_cat","embeddable":true,"href":"https:\/\/www.lagatasibilah.com\/index.php\/wp-json\/wp\/v2\/product_cat?post=626"},{"taxonomy":"product_tag","embeddable":true,"href":"https:\/\/www.lagatasibilah.com\/index.php\/wp-json\/wp\/v2\/product_tag?post=626"}],"curies":[{"name":"wp","href":"https:\/\/api.w.org\/{rel}","templated":true}]}}