{"id":622,"date":"2017-07-10T11:16:22","date_gmt":"2017-07-10T14:16:22","guid":{"rendered":"http:\/\/www.lagatasibilah.com\/?post_type=product&#038;p=622"},"modified":"2024-02-11T22:11:50","modified_gmt":"2024-02-12T01:11:50","slug":"en-buenos-aires-1928","status":"publish","type":"product","link":"https:\/\/www.lagatasibilah.com\/index.php\/product\/en-buenos-aires-1928\/","title":{"rendered":"En Buenos Aires 1928"},"content":{"rendered":"","protected":false},"excerpt":{"rendered":"<p>En Buenos Aires, 1928 empieza el 8 de enero con la muerte de Juan B. Justo, los treinta y siete grados de un verano bochornoso y el desgano general posterior a las Fiestas. El a\u00f1o seguir\u00e1 con la campa\u00f1a para elegir al sucesor de Marcelo T. de Alvear en la presidencia de la Naci\u00f3n (el &#8220;fogueo c\u00edvico&#8221;, dice la prensa, que encuentra por ejemplo a Jorge Luis Borges al frente de un &#8220;Comit\u00e9 Yrigoyenista de Intelectuales J\u00f3venes&#8221;) y con miles de porte\u00f1os empujando sus sue\u00f1os y cambiando la fisonom\u00eda de una ciudad que nunca volver\u00e1 a ser la misma.<\/p>\n<p>En 1928 nacen El Mundo -un diario enteramente nuevo, que tendr\u00e1 a Roberto Arlt entre sus estrellas-, la revista popular La Canci\u00f3n Moderna -creaci\u00f3n de un joven tycoon del negocio editorial y antesala de Radiolandia-, y el caf\u00e9 Bonafide.<\/p>\n<p>Al mismo tiempo se consolida la decadencia del Teatro de la \u00d3pera y el ascenso del Col\u00f3n, que a sus veinte a\u00f1os se deleita con la Pavlova, la Muzio y cuanta celebridad pueda traer.<\/p>\n<p>Buenos Aires bulle: peatones, tranv\u00edas, autom\u00f3viles y carritos atados a un caballo se atropellan por una Corrientes todav\u00eda tan desesperadamente angosta que no hay polic\u00eda de mangas blancas que logre ordenarla, y que toma, en promedio, 9 minutos y 43 segundos para ser recorrida en auto desde Roque S\u00e1enz Pe\u00f1a hasta Alem.<\/p>\n<p>A m\u00e1s de cuarenta a\u00f1os de su pionero Buenos Aires: los hu\u00e9spedes del 20, Francis Korn reconstruye la vida cotidiana de la ciudad durante el \u00faltimo a\u00f1o del gobierno que presidi\u00f3 el per\u00edodo m\u00e1s estable y pr\u00f3spero de la historia argentina.<\/p>\n<p>&nbsp;<\/p>\n<p><strong> Autor (es):<\/strong> Francis Korn y Mart\u00edn Oliver<br \/>\n<strong>Sello:<\/strong> SUDAMERICANA<br \/>\n<strong>Fecha publicaci\u00f3n:<\/strong> 06\/2017<br \/>\n<strong>Idioma:<\/strong> Espa\u00f1ol<br \/>\n<strong>P\u00e1ginas:<\/strong> 256<br \/>\n<strong>Medidas:<\/strong> 15,5 X 23 mm<br \/>\n<strong>ISBN:<\/strong> 9789500758666<\/p>\n<p>&nbsp;<\/p>\n<p><strong>CONSULT\u00c1 PRECIO Y DISPONIBILIDAD A NUESTRO MAIL:<\/strong>\u00a0<a href=\"mailto:lagatasibilah@gmail.com\">lagatasibilah@gmail.com<\/a><\/p>\n","protected":false},"featured_media":623,"comment_status":"open","ping_status":"closed","template":"","meta":{"_acf_changed":false},"product_brand":[],"product_cat":[53],"product_tag":[55],"class_list":{"0":"post-622","1":"product","2":"type-product","3":"status-publish","4":"has-post-thumbnail","6":"product_cat-historia","7":"product_tag-recomendado","9":"first","10":"instock","11":"shipping-taxable","12":"product-type-simple"},"acf":[],"jetpack_sharing_enabled":true,"_links":{"self":[{"href":"https:\/\/www.lagatasibilah.com\/index.php\/wp-json\/wp\/v2\/product\/622","targetHints":{"allow":["GET"]}}],"collection":[{"href":"https:\/\/www.lagatasibilah.com\/index.php\/wp-json\/wp\/v2\/product"}],"about":[{"href":"https:\/\/www.lagatasibilah.com\/index.php\/wp-json\/wp\/v2\/types\/product"}],"replies":[{"embeddable":true,"href":"https:\/\/www.lagatasibilah.com\/index.php\/wp-json\/wp\/v2\/comments?post=622"}],"wp:featuredmedia":[{"embeddable":true,"href":"https:\/\/www.lagatasibilah.com\/index.php\/wp-json\/wp\/v2\/media\/623"}],"wp:attachment":[{"href":"https:\/\/www.lagatasibilah.com\/index.php\/wp-json\/wp\/v2\/media?parent=622"}],"wp:term":[{"taxonomy":"product_brand","embeddable":true,"href":"https:\/\/www.lagatasibilah.com\/index.php\/wp-json\/wp\/v2\/product_brand?post=622"},{"taxonomy":"product_cat","embeddable":true,"href":"https:\/\/www.lagatasibilah.com\/index.php\/wp-json\/wp\/v2\/product_cat?post=622"},{"taxonomy":"product_tag","embeddable":true,"href":"https:\/\/www.lagatasibilah.com\/index.php\/wp-json\/wp\/v2\/product_tag?post=622"}],"curies":[{"name":"wp","href":"https:\/\/api.w.org\/{rel}","templated":true}]}}

<p>En Buenos Aires, 1928 empieza el 8 de enero con la muerte de Juan B. Justo, los treinta y siete grados de un verano bochornoso y el desgano general posterior a las Fiestas. El año seguirá con la campaña para elegir al sucesor de Marcelo T. de Alvear en la presidencia de la Nación (el &#8220;fogueo cívico&#8221;, dice la prensa, que encuentra por ejemplo a Jorge Luis Borges al frente de un &#8220;Comité Yrigoyenista de Intelectuales Jóvenes&#8221;) y con miles de porteños empujando sus sueños y cambiando la fisonomía de una ciudad que nunca volverá a ser la misma.</p>
<p>En 1928 nacen El Mundo -un diario enteramente nuevo, que tendrá a Roberto Arlt entre sus estrellas-, la revista popular La Canción Moderna -creación de un joven tycoon del negocio editorial y antesala de Radiolandia-, y el café Bonafide.</p>
<p>Al mismo tiempo se consolida la decadencia del Teatro de la Ópera y el ascenso del Colón, que a sus veinte años se deleita con la Pavlova, la Muzio y cuanta celebridad pueda traer.</p>
<p>Buenos Aires bulle: peatones, tranvías, automóviles y carritos atados a un caballo se atropellan por una Corrientes todavía tan desesperadamente angosta que no hay policía de mangas blancas que logre ordenarla, y que toma, en promedio, 9 minutos y 43 segundos para ser recorrida en auto desde Roque Sáenz Peña hasta Alem.</p>
<p>A más de cuarenta años de su pionero Buenos Aires: los huéspedes del 20, Francis Korn reconstruye la vida cotidiana de la ciudad durante el último año del gobierno que presidió el período más estable y próspero de la historia argentina.</p>
<p>&nbsp;</p>
<p><strong> Autor (es):</strong> Francis Korn y Martín Oliver<br />
<strong>Sello:</strong> SUDAMERICANA<br />
<strong>Fecha publicación:</strong> 06/2017<br />
<strong>Idioma:</strong> Español<br />
<strong>Páginas:</strong> 256<br />
<strong>Medidas:</strong> 15,5 X 23 mm<br />
<strong>ISBN:</strong> 9789500758666</p>
<p>&nbsp;</p>
<p><strong>CONSULTÁ PRECIO Y DISPONIBILIDAD A NUESTRO MAIL:</strong> <a href="mailto:lagatasibilah@gmail.com">lagatasibilah@gmail.com</a></p>
