{"id":592,"date":"2017-07-07T20:56:30","date_gmt":"2017-07-07T23:56:30","guid":{"rendered":"http:\/\/www.lagatasibilah.com\/?post_type=product&#038;p=592"},"modified":"2017-07-07T20:56:30","modified_gmt":"2017-07-07T23:56:30","slug":"el-nombre-del-juego-es-muerte","status":"publish","type":"product","link":"https:\/\/www.lagatasibilah.com\/index.php\/product\/el-nombre-del-juego-es-muerte\/","title":{"rendered":"El nombre del juego es muerte"},"content":{"rendered":"","protected":false},"excerpt":{"rendered":"<p>En el comienzo de &#8220;El nombre del juego es muerte&#8221;, cuando arranca el motor del Oldsmobile, se pone en marcha tambi\u00e9n una historia que nunca se detiene, una carrera criminal despiadada.<\/p>\n<p>Roy Martin y el mudo Bunny roban un banco en Phoenix, Arizona. Logran llevarse una fortuna, pero algo no sale como hab\u00edan planeado y tienen que separarse; malherido, Roy busca urgente un m\u00e9dico, y Bunny parte con el bot\u00edn a un pueblo lejano de Florida: semanalmente, deber\u00e1 mandar mil d\u00f3lares por correo. El dinero llega durante un tiempo; de pronto, junto a un telegrama sospechoso, las remesas se interrumpen. Entonces Roy decide viajar para ver lo que le ha pasado a su compa\u00f1ero.<\/p>\n<p>Hay una semejanza brutal entre el estilo del narrador y las acciones que ejecutan los personajes. Las oraciones son cortas, punzantes, no sentenciosas; el lenguaje acierta por su econom\u00eda y precisi\u00f3n. Nadie atesora un juicio ni una condena sobre la secuencia de desproporciones e impiedades que se precipitan: Marlowe crea un h\u00e9roe por completo insensible, cruel, amoral, y es muy eficaz en la presentaci\u00f3n de un punto de vista bastante fuera de los patrones esperados de la humanidad. El nombre del juego es muerte es absolutamente incomparable.<\/p>\n<p>&nbsp;<\/p>\n<p><strong>Autor:<\/strong> Marlowe, Dan<br \/>\n<strong>Editorial:<\/strong> LA BESTIA EQUIL\u00c1TERA<br \/>\n<strong>Paginas:<\/strong> 220<br \/>\n<strong>Edici\u00f3n:<\/strong> 2015<br \/>\n<strong>Idioma:<\/strong> Espa\u00f1ol<br \/>\n<strong>Peso:<\/strong> 300 gramos<br \/>\n<strong>Encuadernaci\u00f3n:<\/strong> Tapa blanda<br \/>\n<strong>ISBN:<\/strong> 9789509749030<\/p>\n<p>&nbsp;<\/p>\n<p><strong>CONSULT\u00c1 PRECIO Y DISPONIBILIDAD A NUESTRO MAIL:<\/strong>\u00a0<a href=\"mailto:lagatasibilah@gmail.com\">lagatasibilah@gmail.com<\/a><\/p>\n","protected":false},"featured_media":593,"comment_status":"open","ping_status":"closed","template":"","meta":{"_acf_changed":false},"product_brand":[],"product_cat":[30],"product_tag":[],"class_list":{"0":"post-592","1":"product","2":"type-product","3":"status-publish","4":"has-post-thumbnail","6":"product_cat-novela","8":"first","9":"instock","10":"shipping-taxable","11":"product-type-simple"},"acf":[],"jetpack_sharing_enabled":true,"_links":{"self":[{"href":"https:\/\/www.lagatasibilah.com\/index.php\/wp-json\/wp\/v2\/product\/592","targetHints":{"allow":["GET"]}}],"collection":[{"href":"https:\/\/www.lagatasibilah.com\/index.php\/wp-json\/wp\/v2\/product"}],"about":[{"href":"https:\/\/www.lagatasibilah.com\/index.php\/wp-json\/wp\/v2\/types\/product"}],"replies":[{"embeddable":true,"href":"https:\/\/www.lagatasibilah.com\/index.php\/wp-json\/wp\/v2\/comments?post=592"}],"wp:featuredmedia":[{"embeddable":true,"href":"https:\/\/www.lagatasibilah.com\/index.php\/wp-json\/wp\/v2\/media\/593"}],"wp:attachment":[{"href":"https:\/\/www.lagatasibilah.com\/index.php\/wp-json\/wp\/v2\/media?parent=592"}],"wp:term":[{"taxonomy":"product_brand","embeddable":true,"href":"https:\/\/www.lagatasibilah.com\/index.php\/wp-json\/wp\/v2\/product_brand?post=592"},{"taxonomy":"product_cat","embeddable":true,"href":"https:\/\/www.lagatasibilah.com\/index.php\/wp-json\/wp\/v2\/product_cat?post=592"},{"taxonomy":"product_tag","embeddable":true,"href":"https:\/\/www.lagatasibilah.com\/index.php\/wp-json\/wp\/v2\/product_tag?post=592"}],"curies":[{"name":"wp","href":"https:\/\/api.w.org\/{rel}","templated":true}]}}