{"id":496,"date":"2017-07-03T18:45:18","date_gmt":"2017-07-03T21:45:18","guid":{"rendered":"http:\/\/www.lagatasibilah.com\/?post_type=product&#038;p=496"},"modified":"2024-02-11T22:11:31","modified_gmt":"2024-02-12T01:11:31","slug":"el-tiempo-y-los-suenos","status":"publish","type":"product","link":"https:\/\/www.lagatasibilah.com\/index.php\/product\/el-tiempo-y-los-suenos\/","title":{"rendered":"El tiempo y los sue\u00f1os"},"content":{"rendered":"","protected":false},"excerpt":{"rendered":"<p>\u201c\u00bfQu\u00e9 ocurrir\u00eda si el tiempo calendario se astillara como un espejo?\u201d. A la angustiosa pregunta del cablero, el jefe del servicio informativo contesta, dudando: \u201cSupongo que la secuencia de los sue\u00f1os tambi\u00e9n se quebrar\u00eda\u2026 En lugar de una historia \u00fanica, tendr\u00edamos muchas, pa\u00edses vecinos en diferentes edades, no s\u00e9\u2026 un calidoscopio\u201d.<\/p>\n<p>El di\u00e1logo condensa el argumento de estas narraciones fant\u00e1sticas. En ella, el tiempo y los sue\u00f1os se alternan en contrapunto. Distintos planos de realidad configuran un mundo desquiciado en el que se juega el extra\u00f1o destino de las criaturas. \u201cEnloquecido el tiempo, se podr\u00eda esperar cualquier sorpresa\u201d -piensa el protagonista. \u00bfRealidad o ficci\u00f3n?<\/p>\n<p>El poeta Luis Ricardo Castani escribi\u00f3 que \u201cen la narrativa de Jos\u00e9 Luis V\u00edttori, se conjugan distintos planos de experiencia y de conciencia, lo vivido y lo intuido, la realidad y la ficci\u00f3n, la historia y la leyenda, en un complejo mundo narrativo cuyas fuentes se remontan a los asombros de la infancia, la trama fant\u00e1stica de los sue\u00f1os, los rumbos sin tiempo de la memoria personal y colectiva; un mundo m\u00e1gicamente alterado en sus secuencias causales por rodeos, estancamientos, rupturas e inmanencias, y po\u00e9ticamente sugerido por un entrecruzamiento de s\u00edmbolos\u201d. Palabras v\u00e1lidas para los cuentos que componen este libro.<\/p>\n<p>&nbsp;<\/p>\n<p><strong>Autor:<\/strong> V\u00edttori, Jos\u00e9 Luis<br \/>\n<strong>Editorial:<\/strong> Vinciguerra. A\u00f1o: 1998<br \/>\n<strong>ISBN:<\/strong> 950-843-324-8<br \/>\n<strong>Tipo:<\/strong> Cuentos<br \/>\n<strong>P\u00e1ginas:<\/strong> 223<br \/>\n<strong>Idioma:<\/strong> Espa\u00f1ol<\/p>\n<p>&nbsp;<\/p>\n<p><strong>CONSULT\u00c1 PRECIO Y DISPONIBILIDAD A NUESTRO MAIL:<\/strong>\u00a0<a href=\"mailto:lagatasibilah@gmail.com\">lagatasibilah@gmail.com<\/a><\/p>\n","protected":false},"featured_media":497,"comment_status":"open","ping_status":"closed","template":"","meta":{"_acf_changed":false},"product_brand":[],"product_cat":[31],"product_tag":[55],"class_list":{"0":"post-496","1":"product","2":"type-product","3":"status-publish","4":"has-post-thumbnail","6":"product_cat-cuentos","7":"product_tag-recomendado","9":"first","10":"instock","11":"shipping-taxable","12":"product-type-simple"},"acf":[],"jetpack_sharing_enabled":true,"_links":{"self":[{"href":"https:\/\/www.lagatasibilah.com\/index.php\/wp-json\/wp\/v2\/product\/496","targetHints":{"allow":["GET"]}}],"collection":[{"href":"https:\/\/www.lagatasibilah.com\/index.php\/wp-json\/wp\/v2\/product"}],"about":[{"href":"https:\/\/www.lagatasibilah.com\/index.php\/wp-json\/wp\/v2\/types\/product"}],"replies":[{"embeddable":true,"href":"https:\/\/www.lagatasibilah.com\/index.php\/wp-json\/wp\/v2\/comments?post=496"}],"wp:featuredmedia":[{"embeddable":true,"href":"https:\/\/www.lagatasibilah.com\/index.php\/wp-json\/wp\/v2\/media\/497"}],"wp:attachment":[{"href":"https:\/\/www.lagatasibilah.com\/index.php\/wp-json\/wp\/v2\/media?parent=496"}],"wp:term":[{"taxonomy":"product_brand","embeddable":true,"href":"https:\/\/www.lagatasibilah.com\/index.php\/wp-json\/wp\/v2\/product_brand?post=496"},{"taxonomy":"product_cat","embeddable":true,"href":"https:\/\/www.lagatasibilah.com\/index.php\/wp-json\/wp\/v2\/product_cat?post=496"},{"taxonomy":"product_tag","embeddable":true,"href":"https:\/\/www.lagatasibilah.com\/index.php\/wp-json\/wp\/v2\/product_tag?post=496"}],"curies":[{"name":"wp","href":"https:\/\/api.w.org\/{rel}","templated":true}]}}

El tiempo y los sueños

<p>“¿Qué ocurriría si el tiempo calendario se astillara como un espejo?”. A la angustiosa pregunta del cablero, el jefe del servicio informativo contesta, dudando: “Supongo que la secuencia de los sueños también se quebraría… En lugar de una historia única, tendríamos muchas, países vecinos en diferentes edades, no sé… un calidoscopio”.</p>
<p>El diálogo condensa el argumento de estas narraciones fantásticas. En ella, el tiempo y los sueños se alternan en contrapunto. Distintos planos de realidad configuran un mundo desquiciado en el que se juega el extraño destino de las criaturas. “Enloquecido el tiempo, se podría esperar cualquier sorpresa” -piensa el protagonista. ¿Realidad o ficción?</p>
<p>El poeta Luis Ricardo Castani escribió que “en la narrativa de José Luis Víttori, se conjugan distintos planos de experiencia y de conciencia, lo vivido y lo intuido, la realidad y la ficción, la historia y la leyenda, en un complejo mundo narrativo cuyas fuentes se remontan a los asombros de la infancia, la trama fantástica de los sueños, los rumbos sin tiempo de la memoria personal y colectiva; un mundo mágicamente alterado en sus secuencias causales por rodeos, estancamientos, rupturas e inmanencias, y poéticamente sugerido por un entrecruzamiento de símbolos”. Palabras válidas para los cuentos que componen este libro.</p>
<p>&nbsp;</p>
<p><strong>Autor:</strong> Víttori, José Luis<br />
<strong>Editorial:</strong> Vinciguerra. Año: 1998<br />
<strong>ISBN:</strong> 950-843-324-8<br />
<strong>Tipo:</strong> Cuentos<br />
<strong>Páginas:</strong> 223<br />
<strong>Idioma:</strong> Español</p>
<p>&nbsp;</p>
<p><strong>CONSULTÁ PRECIO Y DISPONIBILIDAD A NUESTRO MAIL:</strong> <a href="mailto:lagatasibilah@gmail.com">lagatasibilah@gmail.com</a></p>
