{"id":1454,"date":"2019-04-19T10:24:40","date_gmt":"2019-04-19T13:24:40","guid":{"rendered":"http:\/\/www.lagatasibilah.com\/?post_type=product&#038;p=1454"},"modified":"2024-02-11T22:20:31","modified_gmt":"2024-02-12T01:20:31","slug":"pequeno-pais","status":"publish","type":"product","link":"https:\/\/www.lagatasibilah.com\/index.php\/product\/pequeno-pais\/","title":{"rendered":"Peque\u00f1o pa\u00eds"},"content":{"rendered":"","protected":false},"excerpt":{"rendered":"<p>Galardonado con el prestigioso Goncourt des Lyc\u00e9ens, entre otros muchos premios, este \u00abpeque\u00f1o libro\u00bb fue la sensaci\u00f3n literaria en Francia en 2016. Su desgarradora belleza, su honda melancol\u00eda y su intenso dramatismo conquistaron el coraz\u00f3n de miles de lectores, un fen\u00f3meno extraordinario que ha generado una venta de m\u00e1s de setecientos mil ejemplares hasta la fecha. Hijo de una ruandesa tutsi y un empresario franc\u00e9s instalado en Burundi, Gaby tiene diez a\u00f1os y se pasa el d\u00eda con su panda de amigos en las calles de Buyumbura, un escenario propicio a todo tipo de aventuras: robar mangos en los jardines del barrio, fumar a escondidas, descubrir la pasi\u00f3n por los libros en la casa de una extravagante vecina y ba\u00f1arse en el r\u00edo al atardecer. Un para\u00edso que empieza a resquebrajarse con la separaci\u00f3n de sus padres y luego se rompe en mil pedazos con la irrupci\u00f3n de la guerra, que provoca una marea incontenible de odio y violencia que lo impregna todo y obliga a Gabriel y su hermana a marcharse a Francia.<\/p>\n<p>Dos d\u00e9cadas despu\u00e9s, aquel ni\u00f1o convertido en hombre regresa a su peque\u00f1o pa\u00eds y rememora los tiempos felices: el perfume de los \u00e1rboles frutales y las plantas arom\u00e1ticas, los paseos vespertinos entre los setos de buganvillas, las noches en vela tras un mosquitero agujereado, las termitas los d\u00edas de tormenta, las reuniones secretas en la furgoneta abandonada.<\/p>\n<p>Una existencia sencilla, apacible, banal, cuyo recuerdo impulsa a Gabriel a dejar constancia de que aquel mundo existi\u00f3, que fue una realidad hasta que los hombres y mujeres que lo habitaban se vieron obligados a tomar partido y aniquilarse mutuamente o a exiliarse en otras latitudes. El tono intimista y l\u00edrico a la vez denota la experiencia como letrista y compositor de Ga\u00ebl Faye, que con esta espl\u00e9ndida novela nos transporta al coraz\u00f3n del continente africano para contarnos lo que sucede cuando la Historia se introduce en nuestras vidas para cambiarlas de forma irreparable.<\/p>\n<p>&nbsp;<\/p>\n<p><strong>FICHA T\u00c9CNICA:<\/strong><br \/>\n<strong> T\u00edtulo:<\/strong> Peque\u00f1o pa\u00eds<br \/>\n<strong>Autor:<\/strong> Ga\u00ebl Faye<br \/>\n<strong>Editor:<\/strong> Salamandra<br \/>\n<strong>Colecci\u00f3n:<\/strong> Narrativa<br \/>\n<strong>ISBN:<\/strong> 978-84-9838-835-0<br \/>\n<strong>Tipo de tapa:<\/strong> R\u00fastica<br \/>\n<strong>Cantidad de p\u00e1ginas:<\/strong> 224 p\u00e1ginas<br \/>\n<strong>Dimensiones:<\/strong> 135 x 220 mm<br \/>\n&nbsp;<\/p>\n<p><strong>CONSULT\u00c1 PRECIO Y DISPONIBILIDAD A NUESTRO MAIL:<\/strong>\u00a0<a href=\"mailto:lagatasibilah@gmail.com\">lagatasibilah@gmail.com<\/a><\/p>\n<p>&nbsp;<\/p>\n","protected":false},"featured_media":1446,"comment_status":"open","ping_status":"closed","template":"","meta":{"_acf_changed":false},"product_brand":[],"product_cat":[30],"product_tag":[],"class_list":{"0":"post-1454","1":"product","2":"type-product","3":"status-publish","4":"has-post-thumbnail","6":"product_cat-novela","8":"first","9":"instock","10":"shipping-taxable","11":"product-type-simple"},"acf":[],"jetpack_sharing_enabled":true,"_links":{"self":[{"href":"https:\/\/www.lagatasibilah.com\/index.php\/wp-json\/wp\/v2\/product\/1454","targetHints":{"allow":["GET"]}}],"collection":[{"href":"https:\/\/www.lagatasibilah.com\/index.php\/wp-json\/wp\/v2\/product"}],"about":[{"href":"https:\/\/www.lagatasibilah.com\/index.php\/wp-json\/wp\/v2\/types\/product"}],"replies":[{"embeddable":true,"href":"https:\/\/www.lagatasibilah.com\/index.php\/wp-json\/wp\/v2\/comments?post=1454"}],"wp:featuredmedia":[{"embeddable":true,"href":"https:\/\/www.lagatasibilah.com\/index.php\/wp-json\/wp\/v2\/media\/1446"}],"wp:attachment":[{"href":"https:\/\/www.lagatasibilah.com\/index.php\/wp-json\/wp\/v2\/media?parent=1454"}],"wp:term":[{"taxonomy":"product_brand","embeddable":true,"href":"https:\/\/www.lagatasibilah.com\/index.php\/wp-json\/wp\/v2\/product_brand?post=1454"},{"taxonomy":"product_cat","embeddable":true,"href":"https:\/\/www.lagatasibilah.com\/index.php\/wp-json\/wp\/v2\/product_cat?post=1454"},{"taxonomy":"product_tag","embeddable":true,"href":"https:\/\/www.lagatasibilah.com\/index.php\/wp-json\/wp\/v2\/product_tag?post=1454"}],"curies":[{"name":"wp","href":"https:\/\/api.w.org\/{rel}","templated":true}]}}

Pequeño país

<p>Galardonado con el prestigioso Goncourt des Lycéens, entre otros muchos premios, este «pequeño libro» fue la sensación literaria en Francia en 2016. Su desgarradora belleza, su honda melancolía y su intenso dramatismo conquistaron el corazón de miles de lectores, un fenómeno extraordinario que ha generado una venta de más de setecientos mil ejemplares hasta la fecha. Hijo de una ruandesa tutsi y un empresario francés instalado en Burundi, Gaby tiene diez años y se pasa el día con su panda de amigos en las calles de Buyumbura, un escenario propicio a todo tipo de aventuras: robar mangos en los jardines del barrio, fumar a escondidas, descubrir la pasión por los libros en la casa de una extravagante vecina y bañarse en el río al atardecer. Un paraíso que empieza a resquebrajarse con la separación de sus padres y luego se rompe en mil pedazos con la irrupción de la guerra, que provoca una marea incontenible de odio y violencia que lo impregna todo y obliga a Gabriel y su hermana a marcharse a Francia.</p>
<p>Dos décadas después, aquel niño convertido en hombre regresa a su pequeño país y rememora los tiempos felices: el perfume de los árboles frutales y las plantas aromáticas, los paseos vespertinos entre los setos de buganvillas, las noches en vela tras un mosquitero agujereado, las termitas los días de tormenta, las reuniones secretas en la furgoneta abandonada.</p>
<p>Una existencia sencilla, apacible, banal, cuyo recuerdo impulsa a Gabriel a dejar constancia de que aquel mundo existió, que fue una realidad hasta que los hombres y mujeres que lo habitaban se vieron obligados a tomar partido y aniquilarse mutuamente o a exiliarse en otras latitudes. El tono intimista y lírico a la vez denota la experiencia como letrista y compositor de Gaël Faye, que con esta espléndida novela nos transporta al corazón del continente africano para contarnos lo que sucede cuando la Historia se introduce en nuestras vidas para cambiarlas de forma irreparable.</p>
<p>&nbsp;</p>
<p><strong>FICHA TÉCNICA:</strong><br />
<strong> Título:</strong> Pequeño país<br />
<strong>Autor:</strong> Gaël Faye<br />
<strong>Editor:</strong> Salamandra<br />
<strong>Colección:</strong> Narrativa<br />
<strong>ISBN:</strong> 978-84-9838-835-0<br />
<strong>Tipo de tapa:</strong> Rústica<br />
<strong>Cantidad de páginas:</strong> 224 páginas<br />
<strong>Dimensiones:</strong> 135 x 220 mm<br />
&nbsp;</p>
<p><strong>CONSULTÁ PRECIO Y DISPONIBILIDAD A NUESTRO MAIL:</strong> <a href="mailto:lagatasibilah@gmail.com">lagatasibilah@gmail.com</a></p>
<p>&nbsp;</p>
