{"id":1436,"date":"2019-04-19T09:59:55","date_gmt":"2019-04-19T12:59:55","guid":{"rendered":"http:\/\/www.lagatasibilah.com\/?post_type=product&#038;p=1436"},"modified":"2024-02-11T22:08:38","modified_gmt":"2024-02-12T01:08:38","slug":"cara-de-pan","status":"publish","type":"product","link":"https:\/\/www.lagatasibilah.com\/index.php\/product\/cara-de-pan\/","title":{"rendered":"Cara de pan"},"content":{"rendered":"","protected":false},"excerpt":{"rendered":"<p>\u00abLa primera vez la coge tan desprevenida que se sobresalta al verlo.\u00bb El encuentro se produce en un parque. Ella es Casi, una adolescente de \u00abcasi\u00bb catorce a\u00f1os; \u00e9l, el Viejo, tiene muchos m\u00e1s. El primer contacto es casual, pero volver\u00e1n a verse en m\u00e1s ocasiones. Ella huye de las imposiciones de la escuela y tiene dificultades para relacionarse. A \u00e9l le gusta contemplar los p\u00e1jaros y escuchar a Nina Simone, no trabaja y arrastra un pasado problem\u00e1tico.<\/p>\n<p>Estos dos personajes escurridizos y heridos establecer\u00e1n una relaci\u00f3n impropia, intolerable, sospechosa, que provocar\u00e1 incomprensi\u00f3n y rechazo y en la que no necesariamente coincide lo que sucede, lo que se cuenta que sucede y lo que se interpreta que sucede. Una historia elusiva, obsesiva, inquietante y hasta inc\u00f3moda, pero al mismo tiempo extra\u00f1amente magn\u00e9tica, en la que palpitan el tab\u00fa, el miedo al salto al vac\u00edo de la vida adulta y la dificultad de ajustarse a las convenciones sociales&#8230;<\/p>\n<p>La ambiciosa carrera literaria de Sara Mesa da un nuevo paso adelante con esta novela sobre dos seres desarraigados cuyos destinos se entrecruzan en un parque, una defensa de la inadaptaci\u00f3n y la diferencia.<\/p>\n<p>&nbsp;<\/p>\n<p><strong>FICHA T\u00c9CNICA:<\/strong><br \/>\n<strong> T\u00edtulo:<\/strong> Cara de pan<br \/>\n<strong>Autor:<\/strong> Sara Mesa<br \/>\n<strong>Editor:<\/strong> Anagrama<br \/>\n<strong>Colecci\u00f3n:<\/strong> Narrativas hisp\u00e1nicas N\u00ba 612<br \/>\n<strong>ISBN:<\/strong> 978-84-339-9861-3<br \/>\n<strong>Tipo de tapa:<\/strong> R\u00fastica c\/solapas<br \/>\n<strong>Cantidad de p\u00e1ginas:<\/strong> 144 p\u00e1ginas<br \/>\n<strong>Dimensiones:\u00a0<\/strong>140 x 220 mm<br \/>\n&nbsp;<\/p>\n<p><strong>CONSULT\u00c1 PRECIO Y DISPONIBILIDAD A NUESTRO MAIL:<\/strong>\u00a0<a href=\"mailto:lagatasibilah@gmail.com\">lagatasibilah@gmail.com<\/a><\/p>\n<p>&nbsp;<\/p>\n<p>&nbsp;<\/p>\n","protected":false},"featured_media":1440,"comment_status":"open","ping_status":"closed","template":"","meta":{"_acf_changed":false},"product_brand":[],"product_cat":[30],"product_tag":[],"class_list":{"0":"post-1436","1":"product","2":"type-product","3":"status-publish","4":"has-post-thumbnail","6":"product_cat-novela","8":"first","9":"instock","10":"shipping-taxable","11":"product-type-simple"},"acf":[],"jetpack_sharing_enabled":true,"_links":{"self":[{"href":"https:\/\/www.lagatasibilah.com\/index.php\/wp-json\/wp\/v2\/product\/1436","targetHints":{"allow":["GET"]}}],"collection":[{"href":"https:\/\/www.lagatasibilah.com\/index.php\/wp-json\/wp\/v2\/product"}],"about":[{"href":"https:\/\/www.lagatasibilah.com\/index.php\/wp-json\/wp\/v2\/types\/product"}],"replies":[{"embeddable":true,"href":"https:\/\/www.lagatasibilah.com\/index.php\/wp-json\/wp\/v2\/comments?post=1436"}],"wp:featuredmedia":[{"embeddable":true,"href":"https:\/\/www.lagatasibilah.com\/index.php\/wp-json\/wp\/v2\/media\/1440"}],"wp:attachment":[{"href":"https:\/\/www.lagatasibilah.com\/index.php\/wp-json\/wp\/v2\/media?parent=1436"}],"wp:term":[{"taxonomy":"product_brand","embeddable":true,"href":"https:\/\/www.lagatasibilah.com\/index.php\/wp-json\/wp\/v2\/product_brand?post=1436"},{"taxonomy":"product_cat","embeddable":true,"href":"https:\/\/www.lagatasibilah.com\/index.php\/wp-json\/wp\/v2\/product_cat?post=1436"},{"taxonomy":"product_tag","embeddable":true,"href":"https:\/\/www.lagatasibilah.com\/index.php\/wp-json\/wp\/v2\/product_tag?post=1436"}],"curies":[{"name":"wp","href":"https:\/\/api.w.org\/{rel}","templated":true}]}}

<p>«La primera vez la coge tan desprevenida que se sobresalta al verlo.» El encuentro se produce en un parque. Ella es Casi, una adolescente de «casi» catorce años; él, el Viejo, tiene muchos más. El primer contacto es casual, pero volverán a verse en más ocasiones. Ella huye de las imposiciones de la escuela y tiene dificultades para relacionarse. A él le gusta contemplar los pájaros y escuchar a Nina Simone, no trabaja y arrastra un pasado problemático.</p>
<p>Estos dos personajes escurridizos y heridos establecerán una relación impropia, intolerable, sospechosa, que provocará incomprensión y rechazo y en la que no necesariamente coincide lo que sucede, lo que se cuenta que sucede y lo que se interpreta que sucede. Una historia elusiva, obsesiva, inquietante y hasta incómoda, pero al mismo tiempo extrañamente magnética, en la que palpitan el tabú, el miedo al salto al vacío de la vida adulta y la dificultad de ajustarse a las convenciones sociales&#8230;</p>
<p>La ambiciosa carrera literaria de Sara Mesa da un nuevo paso adelante con esta novela sobre dos seres desarraigados cuyos destinos se entrecruzan en un parque, una defensa de la inadaptación y la diferencia.</p>
<p>&nbsp;</p>
<p><strong>FICHA TÉCNICA:</strong><br />
<strong> Título:</strong> Cara de pan<br />
<strong>Autor:</strong> Sara Mesa<br />
<strong>Editor:</strong> Anagrama<br />
<strong>Colección:</strong> Narrativas hispánicas Nº 612<br />
<strong>ISBN:</strong> 978-84-339-9861-3<br />
<strong>Tipo de tapa:</strong> Rústica c/solapas<br />
<strong>Cantidad de páginas:</strong> 144 páginas<br />
<strong>Dimensiones: </strong>140 x 220 mm<br />
&nbsp;</p>
<p><strong>CONSULTÁ PRECIO Y DISPONIBILIDAD A NUESTRO MAIL:</strong> <a href="mailto:lagatasibilah@gmail.com">lagatasibilah@gmail.com</a></p>
<p>&nbsp;</p>
<p>&nbsp;</p>
